{"id":472,"date":"2021-11-13T18:12:48","date_gmt":"2021-11-13T17:12:48","guid":{"rendered":"https:\/\/business-construct.de\/?page_id=472"},"modified":"2021-11-13T21:49:29","modified_gmt":"2021-11-13T20:49:29","slug":"online-beratungstermin-buchen","status":"publish","type":"page","link":"https:\/\/business-construct.de\/index.php\/online-beratungstermin-buchen\/","title":{"rendered":"Online Beratungstermin buchen"},"content":{"rendered":"\n<p><strong>Vereinbaren Sie jetzt einen pers\u00f6nlichen Beratungstermin per Videokonferenz.<\/strong><\/p>\n\n\n<p class=\"MsoNoSpacing\"><span lang=\"DE\" style=\"mso-ansi-language: DE;\">Onlineberatung<br \/>geht einfacher als die meisten denken.<\/span><\/p>\n<p><!-- \/wp:post-content --><!-- wp:heading {\"level\":5} --><\/p>\n<p class=\"MsoNoSpacing\"><span lang=\"DE\" style=\"mso-ansi-language: DE;\">Sie bekommen<br \/>einen Link von uns zugeschickt.<\/span><\/p>\n<p><!-- \/wp:heading --><!-- wp:heading {\"level\":5} --><\/p>\n<p class=\"MsoNoSpacing\"><span lang=\"DE\" style=\"mso-ansi-language: DE;\">Diesen k\u00f6nnen<br \/>Sie sowohl auf einem Computer, einem Tab oder sogar auf Ihrem Telefon \u00f6ffnen.<\/span><\/p>\n<p><!-- \/wp:heading --><!-- wp:heading {\"level\":5} --><\/p>\n<p class=\"MsoNoSpacing\"><span lang=\"DE\" style=\"mso-ansi-language: DE;\">Nach dem<br \/>klicken auf den Link wird automatisch die Verbindung mit uns hergestellt uns<br \/>Sie k\u00f6nnen uns sehen und h\u00f6ren.<\/span><\/p>\n<p><!-- \/wp:heading --><!-- wp:heading {\"level\":5} --><\/p>\n<p><!-- \/wp:heading --><!-- wp:heading {\"level\":5} --><\/p>\n<p class=\"MsoNoSpacing\"><span lang=\"DE\" style=\"mso-ansi-language: DE;\">Probieren Sie es einfach aus.<\/span><\/p>\n<p><!-- \/wp:heading --><\/p>\n\n<!-- wp:heading {\"level\":6} -->\n<h6><\/h6>\n<!-- \/wp:heading -->\n\n<!-- wp:html -->\n<\/p> <!-- this p tag fixes a IE bug -->\n<link rel=\"stylesheet\" type=\"text\/css\" href=\"https:\/\/business-construct.de\/wp-content\/plugins\/appointment-booking-calendar\/inc\/..\/TDE_AppCalendar\/modern2\/all-css.css\" \/>\n<script>\nvar pathCalendar = \"\";\nvar cpabc_global_date_format = '0';\nvar cpabc_global_military_time = '1';\nvar cpabc_global_start_weekday = '1';\nvar cpabc_global_mindate = '4\/15\/2026';\nvar cpabc_global_maxdate = '';\nvar cpabc_global_close_on_select = true;\nvar cpabc_global_cancel_text = 'Stornieren';\nvar cpabc_global_pagedate = '4\/2026';\n<\/script>\n<script type=\"text\/javascript\">\n var cpabc_current_calendar_item;\n var cpabc_current_calendar_initialized = false;\n function apc_clear_date()\n {\n    document.getElementById(\"selDaycal\"+cpabc_current_calendar_item ).value = \"\";\n    cpabc_updateItem();\n }\n function cpabc_updateItem()\n {\n    document.getElementById(\"calarea_\"+cpabc_current_calendar_item).style.display = \"none\";\n    var i = document.FormEdit.cpabc_item.options.selectedIndex;\n    var selecteditem = document.FormEdit.cpabc_item.options[i].value;\n    cpabc_do_init(selecteditem);\n }\n function cpabc_do_init(id)\n {\n    try {\n        cpabc_current_calendar_item = id;\n        document.getElementById(\"calarea_\"+cpabc_current_calendar_item).style.display = \"\";\n        initAppCalendar(\"cal\"+cpabc_current_calendar_item,2,2,\"DE\",{m1:\"Bitte w\u00e4hlen Sie den Termin.\"});        cpabc_current_calendar_initialized = true;\n    } catch (e) {}    \n }\n function updatedate()\n {\n    if (document.getElementById(\"selDaycal\"+cpabc_current_calendar_item ).value != '')\n    {\n        var timead = \"\";\n        var hour = document.getElementById(\"selHourcal\"+cpabc_current_calendar_item ).value;\n        if (cpabc_global_military_time == '0')\n        {\n            if (parseInt(hour) > 12)\n            {\n                timead = \" pm\";\n                hour = parseInt(hour)-12;\n            }\n            else\n                timead = \" am\";\n        }\n        var minute = document.getElementById(\"selMinutecal\"+cpabc_current_calendar_item ).value;\n        if (minute.length == 1)\n            minute = \"0\"+minute;\n        minute = hour + \":\" + minute + timead;\n    }\n }\n <\/script>\n<form class=\"cpp_form\" id=\"cp_abcform_pform\" name=\"FormEdit\" action=\"\" method=\"post\" onsubmit=\"return doValidate(this);\">\r\n<input name=\"cpabc_appointments_post\" type=\"hidden\" value=\"1\" \/><input name=\"cpabc_appointments_utime\" type=\"hidden\"  value=\"\" \/>\r\n<div style=\"display:none\">\r\n  Kalender<br \/>\r\n  <select name=\"cpabc_item\" id=\"cpabc_item\" onchange=\"cpabc_updateItem()\"><option value=1>Online Beratungstermin vereinbaren<\/option><\/select><br \/><br \/>\r\n<\/div>\r\n<div class=\"abc_selectdate fields\">W\u00e4hlen Sie Datum und Uhrzeit:<\/div><div id=\"calarea_1\" style=\"display:none\"><input name=\"selDaycal1\" type=\"hidden\" id=\"selDaycal1\" \/><input name=\"selMonthcal1\" type=\"hidden\" id=\"selMonthcal1\" \/><input name=\"selYearcal1\" type=\"hidden\" id=\"selYearcal1\" \/><input name=\"selHourcal1\" type=\"hidden\" id=\"selHourcal1\" \/><input name=\"selMinutecal1\" type=\"hidden\" id=\"selMinutecal1\" \/><div class=\"appContainer\"><div style=\"z-index:1000;\" class=\"appContainer2\"><div id=\"cal1Container\"><\/div><\/div><\/div> <div style=\"clear:both;\"><\/div><div id=\"listcal1\" class=\"listcal\"><\/div><\/div><div style=\"clear:both;\"><\/div>\r\nIhre Telefonnummer:<br \/>\r\n<input type=\"text\" name=\"phone\" value=\"\"><br \/>\r\nIhr Name:<br \/>\r\n<input type=\"text\" name=\"name\" value=\"\"><br \/>\r\nIhre E-Mail:<br \/>\r\n<input type=\"email\" name=\"email\" value=\"\"><br \/>\r\nKommentare \/ Fragen:<br \/>\r\n<textarea name=\"question\" style=\"width:100%\"><\/textarea><br \/>\r\n  Bitte geben Sie den Sicherheitscode ein:<br \/>\r\n  <img decoding=\"async\" src=\"\/?cpabc_app=captcha&inAdmin=1\"  id=\"captchaimg\" alt=\"security code\" border=\"0\" class=\"skip-lazy\"  \/>\r\n  <br \/>\r\n  Sicherheits-Code (Kleinbuchstaben):<br \/>\r\n  <div class=\"dfield\">\r\n  <input type=\"text\" size=\"20\" name=\"hdcaptcha\" id=\"hdcaptcha\" value=\"\" \/>\r\n  <div class=\"error message\" id=\"hdcaptcha_error\" generated=\"true\" style=\"display:none;position: absolute; left: 0px; top: 25px;\"><\/div>\r\n  <\/div>\r\n  <br \/>\r\n<input type=\"submit\" name=\"subbtn\" class=\"cp_subbtn\" value=\"Weiter\">\r\n<\/form>\r\n\r\n\r\n<script type=\"text\/javascript\">\n var cpabc_click_enabled = true;  \n var cpabc_max_slots = 1;\n var cpabc_max_slots_text = 'Bitte w\u00e4hlen sie ein maximum von %1 zeit. Derzeit ausgew\u00e4hlt: %2 zeit';\n cpabc_max_slots_text = cpabc_max_slots_text.replace('%1',cpabc_max_slots);\n cpabc_max_slots_text = cpabc_max_slots_text.replace('%2',cpabc_max_slots);\n cpabc_current_calendar_item = 1;\n cpabc_do_init(cpabc_current_calendar_item);\n setInterval('updatedate()',200);\n function doValidate(form)\n {\n    if (!cpabc_click_enabled) return false;\n    var visitortime = new Date();\n    form.cpabc_appointments_utime.value = \"GMT \" + -visitortime.getTimezoneOffset()\/60;\n    if (form.phone.value == '')\n    {\n        alert('Bitte geben Sie eine g\u00fcltige Telefonnummer.');\n        return false;\n    }\n    if (form.email.value == '')\n    {\n        alert('Bitte geben Sie eine g\u00fcltige E-Mail-Adresse.');\n        return false;\n    }\n    if (form.name.value == '')\n    {\n        alert('Bitte schreiben Sie Ihren Namen.');\n        return false;\n    }\n    var selst = \"\"+document.getElementById(\"selDaycal\"+cpabc_current_calendar_item).value;    \n    if (selst == '')\n    {\n        alert('Bitte w\u00e4hlen Sie Datum und Uhrzeit.');\n        return false;\n    }\n    selst = selst.match(\/;\/g);selst = selst.length;\n    if (selst < 1)\n    {\n        var almsg = 'Bitte w\u00e4hlen sie mindestens %1 zeit. Derzeit ausgew\u00e4hlt: %2 zeit';\n        almsg = almsg.replace('%1','1');\n        almsg = almsg.replace('%2',selst);\n        alert(almsg);\n        return false;\n    }\n    if (selst > 1)\n    {\n        var almsg = 'Bitte w\u00e4hlen sie ein maximum von %1 zeit. Derzeit ausgew\u00e4hlt: %2 zeit';\n        almsg = almsg.replace('%1','1');\n        almsg = almsg.replace('%2',selst);\n        alert(almsg);\n        return false;\n    } \n     if (form.hdcaptcha.value == '')\n    {\n        alert('Bitte geben Sie den Captcha-Code ein.');\n        return false;\n    }\n    $dexQuery = jQuery.noConflict();\n    var result = $dexQuery.ajax({\n        type: \"GET\",\n        url: \"?inAdmin=1\"+String.fromCharCode(38)+\"abcc=1\"+String.fromCharCode(38)+\"hdcaptcha=\"+form.hdcaptcha.value,\n        async: false\n    }).responseText;\n    if (result.indexOf(\"captchafailed\") != -1)\n    {\n        $dexQuery(\"#captchaimg\").attr('src', $dexQuery(\"#captchaimg\").attr('src')+String.fromCharCode(38)+Math.floor((Math.random() * 99999) + 1));\n        alert('Incorrect captcha code. Please try again.');\n        return false;\n    }\n    else     {\n        cpabc_click_enabled = false;\n        cpabc_blink(\".cp_subbtn\");\n        return true;\n    }\n }\n function cpabc_blink(selector){\n     try \n     {\n         $dexQuery = jQuery.noConflict();\n         $dexQuery(selector).fadeOut(1000, function(){\n             $dexQuery(this).fadeIn(1000, function(){\n                 if (!cpabc_click_enabled)\n                     cpabc_blink(this); \n             });\n         });\n     } catch (e) {}\n }\n<\/script>    \n    \n<!-- \/wp:html -->","protected":false},"excerpt":{"rendered":"<p>Vereinbaren Sie jetzt einen pers\u00f6nlichen Beratungstermin per Videokonferenz. Onlineberatunggeht einfacher als die meisten denken. Sie bekommeneinen Link von uns zugeschickt. Diesen k\u00f6nnenSie sowohl auf einem Computer, einem Tab oder sogar auf Ihrem Telefon \u00f6ffnen. Nach demklicken auf den Link wird automatisch die Verbindung mit uns hergestellt unsSie k\u00f6nnen uns sehen und h\u00f6ren. Probieren Sie es&hellip; <br \/> <a class=\"read-more\" href=\"https:\/\/business-construct.de\/index.php\/online-beratungstermin-buchen\/\">Weiterlesen<\/a><\/p>\n","protected":false},"author":1,"featured_media":0,"parent":0,"menu_order":0,"comment_status":"closed","ping_status":"closed","template":"","meta":{"_monsterinsights_skip_tracking":false,"_monsterinsights_sitenote_active":false,"_monsterinsights_sitenote_note":"","_monsterinsights_sitenote_category":0,"footnotes":""},"class_list":["post-472","page","type-page","status-publish","hentry"],"_links":{"self":[{"href":"https:\/\/business-construct.de\/index.php\/wp-json\/wp\/v2\/pages\/472","targetHints":{"allow":["GET"]}}],"collection":[{"href":"https:\/\/business-construct.de\/index.php\/wp-json\/wp\/v2\/pages"}],"about":[{"href":"https:\/\/business-construct.de\/index.php\/wp-json\/wp\/v2\/types\/page"}],"author":[{"embeddable":true,"href":"https:\/\/business-construct.de\/index.php\/wp-json\/wp\/v2\/users\/1"}],"replies":[{"embeddable":true,"href":"https:\/\/business-construct.de\/index.php\/wp-json\/wp\/v2\/comments?post=472"}],"version-history":[{"count":12,"href":"https:\/\/business-construct.de\/index.php\/wp-json\/wp\/v2\/pages\/472\/revisions"}],"predecessor-version":[{"id":520,"href":"https:\/\/business-construct.de\/index.php\/wp-json\/wp\/v2\/pages\/472\/revisions\/520"}],"wp:attachment":[{"href":"https:\/\/business-construct.de\/index.php\/wp-json\/wp\/v2\/media?parent=472"}],"curies":[{"name":"wp","href":"https:\/\/api.w.org\/{rel}","templated":true}]}}