{"id":39,"date":"2021-09-29T22:14:45","date_gmt":"2021-09-29T20:14:45","guid":{"rendered":"https:\/\/business-construct.de\/?page_id=39"},"modified":"2021-11-13T20:17:22","modified_gmt":"2021-11-13T19:17:22","slug":"kontakt","status":"publish","type":"page","link":"https:\/\/business-construct.de\/index.php\/kontakt\/","title":{"rendered":"Kontakt"},"content":{"rendered":"\n<div class=\"wp-block-contact-form-7-contact-form-selector\"><div role=\"form\" class=\"wpcf7\" id=\"wpcf7-f417-o1\" lang=\"de-DE\" dir=\"ltr\">\n<div class=\"screen-reader-response\"><p role=\"status\" aria-live=\"polite\" aria-atomic=\"true\"><\/p> <ul><\/ul><\/div>\n<form action=\"\/index.php\/wp-json\/wp\/v2\/pages\/39#wpcf7-f417-o1\" method=\"post\" class=\"wpcf7-form init\" novalidate=\"novalidate\" data-status=\"init\">\n<div style=\"display: none;\">\n<input type=\"hidden\" name=\"_wpcf7\" value=\"417\" \/>\n<input type=\"hidden\" name=\"_wpcf7_version\" value=\"5.5.1\" \/>\n<input type=\"hidden\" name=\"_wpcf7_locale\" value=\"de_DE\" \/>\n<input type=\"hidden\" name=\"_wpcf7_unit_tag\" value=\"wpcf7-f417-o1\" \/>\n<input type=\"hidden\" name=\"_wpcf7_container_post\" value=\"0\" \/>\n<input type=\"hidden\" name=\"_wpcf7_posted_data_hash\" value=\"\" \/>\n<\/div>\n<p><label> Name<br \/>\n    <span class=\"wpcf7-form-control-wrap your-name\"><input type=\"text\" name=\"your-name\" value=\"\" size=\"40\" class=\"wpcf7-form-control wpcf7-text wpcf7-validates-as-required\" aria-required=\"true\" aria-invalid=\"false\" \/><\/span> <\/label><\/p>\n<p><label>E-Mail-Adresse<br \/>\n    <span class=\"wpcf7-form-control-wrap your-email\"><input type=\"email\" name=\"your-email\" value=\"\" size=\"40\" class=\"wpcf7-form-control wpcf7-text wpcf7-email wpcf7-validates-as-required wpcf7-validates-as-email\" aria-required=\"true\" aria-invalid=\"false\" \/><\/span> <\/label><\/p>\n<p><label> Telefonnummer<br \/>\n    <span class=\"wpcf7-form-control-wrap your-number\"><input type=\"text\" name=\"your-number\" value=\"\" size=\"40\" class=\"wpcf7-form-control wpcf7-text wpcf7-validates-as-required\" aria-required=\"true\" aria-invalid=\"false\" \/><\/span> <\/label><\/p>\n<p><label> Thema<br \/>\n<span class=\"wpcf7-form-control-wrap Thema\"><select name=\"Thema\" class=\"wpcf7-form-control wpcf7-select\" aria-invalid=\"false\"><option value=\"Neugr\u00fcndung\">Neugr\u00fcndung<\/option><option value=\"Firmenoptimierung\">Firmenoptimierung<\/option><option value=\"Marketing\">Marketing<\/option><option value=\"Webdesign\">Webdesign<\/option><option value=\"Allgemeine Beratung\">Allgemeine Beratung<\/option><\/select><\/span> <\/label><\/p>\n<p><label> Deine Nachricht (optional)<br \/>\n    <span class=\"wpcf7-form-control-wrap your-message\"><textarea name=\"your-message\" cols=\"40\" rows=\"10\" class=\"wpcf7-form-control wpcf7-textarea\" aria-invalid=\"false\"><\/textarea><\/span> <\/label><\/p>\n<p><span class=\"wpcf7-form-control-wrap Besttigung\"><span class=\"wpcf7-form-control wpcf7-acceptance\"><span class=\"wpcf7-list-item\"><label><input type=\"checkbox\" name=\"Besttigung\" value=\"1\" aria-invalid=\"false\" \/><span class=\"wpcf7-list-item-label\">Ich habe die Datenschutzerkl\u00e4rung zur Kenntnis genommen und akzeptiert. Ich stimme zu, dass meine Formularangaben zur Kontaktaufnahme bzw. zur Bearbeitung meines Anliegens gespeichert werden.<\/span><\/label><\/span><\/span><\/span><\/p>\n<p><input type=\"submit\" value=\"Senden\" class=\"wpcf7-form-control has-spinner wpcf7-submit\" \/><\/p>\n<div class=\"wpcf7-response-output\" aria-hidden=\"true\"><\/div><\/form><\/div><\/div>\n\n\n\n<figure class=\"wp-block-image size-large is-resized\"><img loading=\"lazy\" decoding=\"async\" src=\"https:\/\/business-construct.de\/wp-content\/uploads\/2021\/10\/onlineberatung-1-1024x368.png\" alt=\"\" class=\"wp-image-457\" width=\"833\" height=\"296\"\/><\/figure>\n\n\n\n<h4 class=\"wp-block-heading\">Onlineberatung geht einfacher als die meisten denken.<\/h4>\n\n\n\n<h4 class=\"wp-block-heading\">Sie bekommen einen Link von uns zugeschickt.<\/h4>\n\n\n\n<h4 class=\"wp-block-heading\">Diesen k\u00f6nnen Sie sowohl auf einem Computer, einem Tab oder sogar auf Ihrem Telefon \u00f6ffnen.<\/h4>\n\n\n\n<h4 class=\"wp-block-heading\">Nach dem klicken auf den Link wird automatisch die Verbindung mit uns hergestellt uns Sie k\u00f6nnen uns sehen und h\u00f6ren.<\/h4>\n\n\n\n<h4 class=\"wp-block-heading\">&nbsp;<\/h4>\n\n\n\n<h4 class=\"wp-block-heading\">Probieren Sie es einfach aus.<\/h4>\n","protected":false},"excerpt":{"rendered":"<p>Onlineberatung geht einfacher als die meisten denken. Sie bekommen einen Link von uns zugeschickt. Diesen k\u00f6nnen Sie sowohl auf einem Computer, einem Tab oder sogar auf Ihrem Telefon \u00f6ffnen. Nach dem klicken auf den Link wird automatisch die Verbindung mit uns hergestellt uns Sie k\u00f6nnen uns sehen und h\u00f6ren. &nbsp; Probieren Sie es einfach aus.<\/p>\n","protected":false},"author":1,"featured_media":0,"parent":0,"menu_order":0,"comment_status":"closed","ping_status":"closed","template":"page-templates\/page-with-right-sidebar.php","meta":{"_monsterinsights_skip_tracking":false,"_monsterinsights_sitenote_active":false,"_monsterinsights_sitenote_note":"","_monsterinsights_sitenote_category":0,"footnotes":""},"class_list":["post-39","page","type-page","status-publish","hentry"],"_links":{"self":[{"href":"https:\/\/business-construct.de\/index.php\/wp-json\/wp\/v2\/pages\/39","targetHints":{"allow":["GET"]}}],"collection":[{"href":"https:\/\/business-construct.de\/index.php\/wp-json\/wp\/v2\/pages"}],"about":[{"href":"https:\/\/business-construct.de\/index.php\/wp-json\/wp\/v2\/types\/page"}],"author":[{"embeddable":true,"href":"https:\/\/business-construct.de\/index.php\/wp-json\/wp\/v2\/users\/1"}],"replies":[{"embeddable":true,"href":"https:\/\/business-construct.de\/index.php\/wp-json\/wp\/v2\/comments?post=39"}],"version-history":[{"count":19,"href":"https:\/\/business-construct.de\/index.php\/wp-json\/wp\/v2\/pages\/39\/revisions"}],"predecessor-version":[{"id":500,"href":"https:\/\/business-construct.de\/index.php\/wp-json\/wp\/v2\/pages\/39\/revisions\/500"}],"wp:attachment":[{"href":"https:\/\/business-construct.de\/index.php\/wp-json\/wp\/v2\/media?parent=39"}],"curies":[{"name":"wp","href":"https:\/\/api.w.org\/{rel}","templated":true}]}}